common factor of f and m.
1
Let l(p) = 19*p - 99. Let s be l(6). Let z = -6 - -2. Let m = z + 10. Calculate the greatest common divisor of m and s.
3
Suppose 0 = -3*g - 5*q + 1252, 40*g - 42*g + 814 = -7*q. Calculate the greatest common factor of 3197 and g.
23
Suppose -24*c + 75 = c. Suppose -4*h + 2*h - 3*a = -342, a + 502 = c*h. What is the highest common divisor of h and 63?
21
Let x be 3/(6/(-4)) - 4*-33. Let m = -2 + x. What is the highest common divisor of m and 64?
64
Suppose -m - 6*o + 24 = -4*o, 4 = 2*o. Let w be 5/(-3 - (-806)/268). Calculate the highest common divisor of w and m.
10
Suppose -2*b + 180 = 16*b. Calculate the highest common divisor of 1670 and b.
10
Suppose 6*p = 2607 - 2217. Calculate the highest common divisor of p and 75.
5
Suppose -u = 82 - 111. Suppose 37*v - u*v = 368. What is the greatest common factor of v and 69?
23
Let z(j) be the first derivative of -20*j - j**2 + 19 + 1/4*j**4 + 16/3*j**3. Let r be z(-16). Calculate the greatest common divisor of 18 and r.
6
Let y be (1 - 31/(-2))/(3/558). Let f be 30/(2*-1)*(-102)/153. Suppose -g = -f*g + y. Calculate the greatest common divisor of 31 and g.
31
Suppose 2*l - i = 61, 2*l + 2*i = -0*i + 76. Suppose t + 587*x - 329 = 588*x, -3*x = 5*t - 1653. What is the greatest common factor of t and l?
33
Let t be 574000/123 + (-39)/(-9). What is the greatest common divisor of 81 and t?
27
Let i(u) = u**3 - 13*u**2 + 29*u - 59. Let m be i(16). Calculate the greatest common factor of 138 and m.
69
Let d = 4663 - 4558. What is the highest common divisor of d and 3?
3
Let k be (-4 - -4) + 1 + 47. Suppose 9044*g + 4320 = 9071*g. Calculate the highest common divisor of k and g.
16
Suppose -25*r = -6631 - 3329 + 360. What is the greatest common divisor of 888 and r?
24
Let a be 20/(497/70 + -7)*4. Calculate the highest common factor of a and 1650.
50
Let f = 18 + 1. Let z = f + -15. Let w be (-2 - ((-4)/(-2) + -5)) + z. Calculate the greatest common factor of 1 and w.
1
Let z = 11960 + -11896. What is the highest common factor of 3440 and z?
16
Suppose 0 = -7*p + 2*p. Suppose p*b = -b. Suppose 0 = -2*d - 5*h + 253 - 18, b = 2*d + h - 223. Calculate the highest common divisor of 22 and d.
22
Let p be (-135)/1575 + (-320496)/(-420). Suppose 14 = -3*t + 5*t. What is the greatest common factor of t and p?
7
Let h(z) = -10*z - 1. Let y be h(-1). Let d = 222 + -317. Let v = 167 + d. Calculate the highest common divisor of y and v.
9
Suppose -1756 = -f - 2*w, -5*w - 8870 = 62*f - 67*f. What is the greatest common factor of 748 and f?
68
Let l be (-5)/((-15)/6) + 1717/17 + -5. What is the greatest common factor of l and 77?
7
Let v(b) = -2*b**3 - 61*b**2 - 78*b - 1415. Let n be v(-30). Calculate the greatest common divisor of n and 16175.
25
Let h = -5461 + 5551. What is the highest common divisor of 80 and h?
10
Suppose -5*k + k = 5*k - 5616. Calculate the greatest common divisor of 256 and k.
16
Let m(z) = z**3 - 2*z**2 + 8*z + 4. Let q be m(6). Let u(b) = -163*b + 12555. Let i be u(77). Calculate the greatest common divisor of i and q.
4
Let q = 4145 + -4093. What is the highest common factor of 3588 and q?
52
Suppose 0 = -0*s + 2*s + 52. Let u = 28 + s. Suppose -2*d - 2 = -5*c, c - u*c + 5*d = 18. Calculate the highest common factor of 2 and c.
2
Suppose -62*f - 160*f + 74*f = -2094496. Calculate the highest common divisor of f and 122.
122
Let k(m) = 52*m + 7. Let d be k(-1). Let c = -109 - d. Let h be c*(55/(-10) - -5). Calculate the highest common divisor of 4 and h.
4
Let y be 6/2 - ((2 - 12) + 7). Let n(z) = z**2 - 7*z + 42. Let r be n(y). Calculate the highest common divisor of r and 108.
36
Let r = 450 + -375. Let b = 47 + -47. Let s be (-135)/r*(-9 + (b - 1)). Calculate the greatest common factor of 54 and s.
18
Suppose 173 = 11*c - 113. Suppose c = 2*q - y, 2*y = -q + 5*y + 23. Suppose -3*l + 10 = -23. What is the highest common divisor of l and q?
11
Suppose 2*w - 3*z - 20 - 31 = 0, 5*w = 3*z + 114. Suppose -74*d + 1615 = w*d. Let m = 625 - 438. What is the highest common divisor of d and m?
17
Let i(q) = -3*q**2 - 127*q + 270. Let r be i(0). What is the highest common divisor of r and 70?
10
Let r(p) be the third derivative of -p**6/120 + p**4/8 + 140*p**3/3 + 5*p**2 + 2*p. Let i be r(0). What is the highest common divisor of 35 and i?
35
Let v(o) = 37*o - 428. Let k be v(12). Calculate the highest common factor of k and 144.
16
Let n be (117/(-78))/(((-9)/(-304))/(-3)). Suppose 3*h + 75 = 5*g + 305, -2*h + 2*g + n = 0. What is the highest common divisor of h and 60?
15
Let i = -1793 + 2585. Calculate the greatest common factor of 72 and i.
72
Suppose -6*l - 310 = -11*l - 3*i, 10*i = -2*l + 80. Calculate the greatest common divisor of l and 286.
13
Suppose -26*t - 1860 = -88*t. What is the highest common divisor of 690 and t?
30
Let f(k) = -5*k - 10. Let z be f(-10). Suppose 9 + 5 = 2*t + 3*o, 4*o + 4 = 3*t. Suppose -16 = -t*m + z. What is the highest common divisor of m and 98?
14
Let p(b) = 76*b**3 - b**2 - 3*b - 2. Let r be p(-2). Let s = r + 853. What is the greatest common factor of 147 and s?
49
Let m(g) = 42*g + 100. Let o be m(-34). Let d = o - -1916. Calculate the greatest common divisor of 12 and d.
12
Let a be ((-4)/(-1) - 1)/(3/59). Suppose a = 16*n + 11. Suppose 2*w - 1 = 65. Calculate the greatest common divisor of n and w.
3
Suppose 0*p + 4*p + 58 = 2*w, -w = 2*p - 21. Suppose 0 = m - 28 + w. Suppose -2*g = -2*n + 184, -2*g - 20 = m*g. What is the highest common divisor of 11 and n?
11
Let x = 19 - 3. Let k(y) = 4*y + 8 + 0*y**2 - x*y - y**2. Let w be k(-12). What is the greatest common factor of 80 and w?
8
Suppose -l - 6 = c - 4*l, -4 = 5*c - 2*l. Suppose -26*o + 29*o - 432 = c. Calculate the greatest common factor of o and 16.
16
Let p(q) = -q - 19. Let z be p(13). Let x = -9 - z. Suppose 4*c + 7 = j + 646, -2*c - 4*j + 342 = 0. Calculate the highest common factor of c and x.
23
Suppose -10*l = -4*w - 11*l + 32, -3*l = 0. Suppose 0 = g - 2*x - w, 0 = 4*g + 7*x - 4*x - 10. Calculate the greatest common divisor of g and 124.
4
Let q be (0 - (-4 - -2)) + (-415)/(-5) + 11. Calculate the highest common divisor of 132 and q.
12
Let c(t) = t**3 + 2*t**2 - 13*t + 10. Let v be c(-3). Let o(j) = -j**3 + 42*j**2 - 72*j - 77. Let w be o(v). Calculate the greatest common factor of 3 and w.
3
Suppose -4*c - 492 = 4*n, 2*n + c - 3*c + 230 = 0. Let p = n - -169. Calculate the greatest common factor of p and 350.
50
Let g = 56 - 50. Let x(n) = -4*n - 9. Let w be x(g). Let k = 38 + w. What is the greatest common divisor of k and 5?
5
Suppose -1162 = -12*a + 434. What is the highest common divisor of 950 and a?
19
Let x be ((-23)/(-115))/(4/1780). Suppose -x*g = -92*g + 528. Calculate the greatest common divisor of 4 and g.
4
Let s(c) = 9 - 21*c + c**3 + 53*c - 57*c + 4*c**2 - 2*c**2 + 0*c**2. Let r be s(-6). What is the highest common factor of r and 20?
5
Let d be (1 + 5/15)*102/4. Suppose -17 = -3*b + 5*t + 11, t + 2 = 0. Suppose 34 = b*f - 5*f. Calculate the highest common divisor of d and f.
34
Let t(x) = 372*x + 1461. Let p be t(-3). Calculate the greatest common factor of 5405 and p.
115
Suppose 3*g + 122 = 5*l, -l - 31*g + 27*g + 6 = 0. What is the highest common factor of 37862 and l?
22
Suppose 0 = -278*q + 1541174 + 4019382. Calculate the highest common divisor of q and 1096.
274
Let a be (1 + 321)*-20*(-26)/65 - 3. What is the highest common divisor of a and 62?
31
Let d = 336 - 332. Suppose 3*r - 1462 = -0*o - d*o, -o + 374 = 5*r. What is the highest common factor of o and 56?
28
Suppose -36*s = -4475 - 277. Let z = -277 + 629. What is the greatest common divisor of z and s?
44
Suppose -4*v = -3*y - 2 + 4, -5*y - 3*v = -42. Suppose q = -5*s + 17, -3*q - 3 + 9 = 0. Calculate the greatest common factor of y and s.
3
Let n = -8 - -32. Suppose 107*l - 110*l - 2*u + 13 = 0, -2*u + 1 = -l. Calculate the greatest common factor of l and n.
3
Suppose 1402 - 182 = 60*u + 20. What is the greatest common divisor of u and 470?
10
Let o(g) = -2*g**3 + 75*g**2 - 39*g + 520. Let h be o(37). Calculate the highest common factor of h and 12.
2
Suppose -5*t + 392 = -n - 237, -t + 129 = -n. Let r(w) = 2*w**2 + 3*w + 1. Let x be r(-3). Calculate the highest common divisor of 